{"id":179,"date":"2016-03-13T13:12:07","date_gmt":"2016-03-13T12:12:07","guid":{"rendered":"http:\/\/www.echange-afrique-insa.fr\/?page_id=179"},"modified":"2026-04-21T15:29:10","modified_gmt":"2026-04-21T14:29:10","slug":"galerie-photos","status":"publish","type":"page","link":"https:\/\/www.echange-afrique-insa.fr\/index.php\/galerie-photos\/","title":{"rendered":"Galerie photos"},"content":{"rendered":"\n<div align=\"center\">\n\t\t<span class=\"about_pre\">\u00c9quipe 2016<\/span><br \/>\n<a href=http:\/\/www.echange-afrique-insa.fr\/index.php\/galerie-photos-2016\/><\/p>\n<h1 class=\"about_header\"><font color=\"black\">Tous mobilis\u00e9s pour l&rsquo;\u00e9cole de Gap\u00e9-\u00c9to\u00e9<\/font><\/h1>\n<p><\/a><\/p>\n<div class=\"optimizer_divider\"><font color=\"black\"><span class=\"div_left\"><\/span><span class=\"div_middle\"><i class=\"fa fa-stop\"><\/i><\/span><span class=\"div_right\"><\/span><\/font><\/div>\n<p>\t\t<\/br><\/p>\n<p>\t\t<span class=\"about_pre\">\u00c9quipe 2015<\/span><br \/>\n<a href=http:\/\/www.echange-afrique-insa.fr\/index.php\/galerie-photos-2015\/><\/p>\n<h1 class=\"about_header\"><font color=\"black\">Une biblio&rsquo; \u00e0 Abobo<\/font><\/h1>\n<p><\/a><\/p>\n<div class=\"optimizer_divider\"><font color=\"black\"><span class=\"div_left\"><\/span><span class=\"div_middle\"><i class=\"fa fa-stop\"><\/i><\/span><span class=\"div_right\"><\/span><\/font><\/div>\n<p>\t\t<\/br><\/p>\n<p>\t\t<span class=\"about_pre\">\u00c9quipe 2014<\/span><br \/>\n<a href=http:\/\/www.echange-afrique-insa.fr\/index.php\/galerie-photos-2014\/><\/p>\n<h1 class=\"about_header\"><font color=\"black\">Construction de l&rsquo;\u00e9cole de Koukouldi C (2) <\/font><\/h1>\n<p><\/a><\/p>\n<div class=\"optimizer_divider\"><font color=\"black\"><span class=\"div_left\"><\/span><span class=\"div_middle\"><i class=\"fa fa-stop\"><\/i><\/span><span class=\"div_right\"><\/span><\/font><\/div>\n<p>\t\t<\/br><\/p>\n<p>\t\t<span class=\"about_pre\">\u00c9quipe 2013<\/span><br \/>\n<a href=http:\/\/www.echange-afrique-insa.fr\/index.php\/galerie-photos-2013\/><\/p>\n<h1 class=\"about_header\"><font color=\"black\">Construction de l&rsquo;\u00e9cole de Koukouldi C (1)<\/font><\/h1>\n<p><\/a><\/p>\n<div class=\"optimizer_divider\"><font color=\"black\"><span class=\"div_left\"><\/span><span class=\"div_middle\"><i class=\"fa fa-stop\"><\/i><\/span><span class=\"div_right\"><\/span><\/font><\/div>\n<\/p><\/div>\n","protected":false},"excerpt":{"rendered":"<p>\u00c9quipe 2016 Tous mobilis\u00e9s pour l&rsquo;\u00e9cole de Gap\u00e9-\u00c9to\u00e9 \u00c9quipe 2015 Une biblio&rsquo; \u00e0 Abobo \u00c9quipe 2014 Construction de l&rsquo;\u00e9cole de Koukouldi C (2) \u00c9quipe 2013 Construction de l&rsquo;\u00e9cole de Koukouldi C (1)<\/p>\n","protected":false},"author":1,"featured_media":0,"parent":0,"menu_order":10,"comment_status":"closed","ping_status":"closed","template":"page-no-title","meta":{"footnotes":""},"class_list":["post-179","page","type-page","status-publish","hentry"],"_links":{"self":[{"href":"https:\/\/www.echange-afrique-insa.fr\/index.php\/wp-json\/wp\/v2\/pages\/179","targetHints":{"allow":["GET"]}}],"collection":[{"href":"https:\/\/www.echange-afrique-insa.fr\/index.php\/wp-json\/wp\/v2\/pages"}],"about":[{"href":"https:\/\/www.echange-afrique-insa.fr\/index.php\/wp-json\/wp\/v2\/types\/page"}],"author":[{"embeddable":true,"href":"https:\/\/www.echange-afrique-insa.fr\/index.php\/wp-json\/wp\/v2\/users\/1"}],"replies":[{"embeddable":true,"href":"https:\/\/www.echange-afrique-insa.fr\/index.php\/wp-json\/wp\/v2\/comments?post=179"}],"version-history":[{"count":0,"href":"https:\/\/www.echange-afrique-insa.fr\/index.php\/wp-json\/wp\/v2\/pages\/179\/revisions"}],"wp:attachment":[{"href":"https:\/\/www.echange-afrique-insa.fr\/index.php\/wp-json\/wp\/v2\/media?parent=179"}],"curies":[{"name":"wp","href":"https:\/\/api.w.org\/{rel}","templated":true}]}}